5, 13
Suppose c + i - 1685 = 0, 5*i + 13 = 3. List the prime factors of c.
7, 241
Let o(m) be the first derivative of 14*m - 1/4*m**4 + 5 + 0*m**3 - 1/2*m**2. What are the prime factors of o(0)?
2, 7
Let h(a) = -23 + 444*a - 434*a - 2*a**3 + 5 - 15*a**2. What are the prime factors of h(-9)?
3, 5
Suppose -29*c + 9417 + 1429 = 0. What are the prime factors of c?
2, 11, 17
Let u(i) be the second derivative of i**4/12 + i**3/6 + 3*i**2 - 4*i. What are the prime factors of u(-5)?
2, 13
Suppose -4*r + 15 = 3. Suppose 2*b - 2*x - 310 = -0*x, -15 = r*x. List the prime factors of b.
2, 3, 5
Let g(z) = -z**2 + 11*z + 2. Let l be g(11). Suppose -p = -3*f + 2*f - 2, p + f + l = 0. Suppose -3*u + 14 + 22 = p. What are the prime factors of u?
2, 3
Suppose -3*d + 5*d - 430 = -g, 5*g + 5*d - 2170 = 0. What are the prime factors of g?
2, 3, 73
Suppose -2*g + 968 = -624. What are the prime factors of g?
2, 199
Suppose 0*v + l - 5 = -3*v, v + 3*l + 9 = 0. Suppose -v*h - 3 + 0 = 0, 5*y = 5*h + 330. List the prime factors of y.
5, 13
Let o(b) = 9*b**2 + 31. Let i(l) = -5*l**2 - 16. Let h(t) = -11*i(t) - 6*o(t). What are the prime factors of h(-7)?
3, 13
Let q(g) = 4*g + 6. Let n(j) = -3*j - 5. Let r(p) = 5*n(p) + 4*q(p). Let f be r(-8). List the prime factors of -3 - (f + (1 - 2)).
7
Suppose v - 4*i - 11 - 5 = 0, -3*v + 3*i = -93. Let p = v + 16. List the prime factors of 2452/p - (-6)/(-39).
47
What are the prime factors of ((-221)/(-51))/((-1)/(-66))?
2, 11, 13
Let q = -1328 + 1953. Suppose -16*x = -11*x - q. What are the prime factors of x?
5
Suppose a + 4 = 9. Suppose -4*y = a*m - 2*m - 580, 5*m = -4*y + 580. List the prime factors of y.
5, 29
Let s = 16 - 11. Let f be (-30)/s*48/(-9). Suppose -2*d - v + 71 = d, -d - 2*v + f = 0. List the prime factors of d.
2, 11
Suppose w - 3 = 0, -8*b = -4*b - 5*w - 385. Suppose 6*j - b = j. Suppose -s + j - 18 = 0. List the prime factors of s.
2
Let a = -19 - -20. Suppose k = -5 - a. Let m = 36 + k. What are the prime factors of m?
2, 3, 5
Let m be (0 - 4/8)*30. Let k(w) = -w**2 - 16*w + 3. What are the prime factors of k(m)?
2, 3
Suppose 2*m - 3*m = 5*c - 233, -5*m + c + 1061 = 0. Suppose -8*i + 243 + m = 0. List the prime factors of i.
3, 19
Suppose 0 = -q + 2*q + 1, 0 = -2*s + 5*q + 251. Suppose v = -5*i + s, 546 = 5*v + 3*i - i. What are the prime factors of v?
2, 3
Suppose -4*n - 11*n = -2325. What are the prime factors of n?
5, 31
Let y be -1 - -1 - (-1 + 3). Let a be (-1 + (y - -4))*14. Suppose -a = -3*k + 10. What are the prime factors of k?
2
Let a = 4634 - 3238. List the prime factors of a.
2, 349
List the prime factors of 1 + 6/(-4) + 206397/142.
1453
Let j = 11452 + -6427. What are the prime factors of j?
3, 5, 67
Let h(m) = -m**3 + 13*m**2 + m - 11. Let f be h(13). Suppose w = -f*u + 93, 0 = 5*u + 5*w - 156 - 89. Suppose -n - n = -u. List the prime factors of n.
2, 11
Let i be 2853/27 + (-2)/(-12)*2. Let l = 164 - i. What are the prime factors of l?
2, 29
Let f = -163 - -273. Suppose r + t - 52 = 2*t, -2*r + f = 4*t. What are the prime factors of r?
53
Let u be 3/9 - (-258)/(-18). Let q = u - -26. List the prime factors of q.
2, 3
What are the prime factors of (84/196)/((-1)/(-161))?
3, 23
Suppose 4*v - 2500 = 1340. What are the prime factors of v?
2, 3, 5
Let c = -23 + 20. What are the prime factors of c/(-1) - (-60 - -6)?
3, 19
Suppose -4*o = -6*o + 6. Let d(c) = 22*c + 12. List the prime factors of d(o).
2, 3, 13
Let p = -17 - -26. Suppose p*m = 2*m + 280. List the prime factors of m.
2, 5
Suppose 4*d + 0*o - 764 = -4*o, 5*o + 995 = 5*d. What are the prime factors of d?
3, 5, 13
Let n be (-26)/195 - (-34)/30. Let f = n + -7. Let u = f + 11. List the prime factors of u.
5
List the prime factors of 71921/265 - (2 + 8/(-5)).
271
Suppose 23 = 3*i - 5*q, i = -2*q + 3 + 1. Suppose -95 = -11*a + i*a. Suppose 5*n - a = 56. List the prime factors of n.
3, 5
List the prime factors of (-2073)/(-6) + (-5)/(-10).
2, 173
Suppose 4*o = -4*w + 648, -2*w - 4*o + 436 - 102 = 0. Let u = 89 - w. Let t = u - -99. What are the prime factors of t?
31
Suppose -5*l + 290 = -190. Let n be (-147)/(-4 - -3) + 1. Let b = n - l. List the prime factors of b.
2, 13
Let z be -2*3/(-6) + 3. Suppose g = -g + z. Suppose -5*j + w = -30, -w - 12 = -4*j + g*j. What are the prime factors of j?
2, 3
What are the prime factors of (-2*(-2)/(-8))/((-2)/6392)?
2, 17, 47
Suppose 5*w - 20 = 5*r, 9*r - 4*r = w. Suppose i = -3*i + 3*y + 33, w*i - 33 = y. What are the prime factors of ((-74)/(-3))/(4/i)?
37
Let p(s) = -11*s - 10. Let n be -1 + 2/1 + -4. What are the prime factors of p(n)?
23
Let u = 410 - 124. What are the prime factors of u?
2, 11, 13
Let y(g) = 4*g**2 + 15*g + 17. List the prime factors of y(-10).
3, 89
Suppose -5 = 2*h - 7. List the prime factors of 3/6 + ((-426)/(-4) - h).
2, 53
Let u(c) = 3*c**2 - 11*c - 20. Let p(v) = -v + 17. Let r be p(6). What are the prime factors of u(r)?
2, 3, 37
Let i(n) = -7*n - 2. Let c be i(-1). Suppose -f + 3*y - 58 = 0, 2*f = -3*f - c*y - 370. List the prime factors of -30*(-7)/(f/(-12)).
2, 3
Suppose 0 = -7*x - 297 + 1214. Suppose 5*d = -3*m + x, -5*m = 2*d - 68 - 182. List the prime factors of m.
2, 13
Suppose -m + 3*m - t = 27, t = -m + 21. Suppose 29 = -3*i + 2*h, 1 - 5 = i + 5*h. Let a = m + i. List the prime factors of a.
7
Let a(m) = 20*m**3 - 13*m**2 + 32*m - 13. What are the prime factors of a(6)?
29, 139
What are the prime factors of (-301)/(-5 - (-48)/10)?
5, 7, 43
Let v(q) = -4*q + 19. Let g be v(0). Suppose -55 = -3*x - 3*s - g, 3*s = -2*x + 28. What are the prime factors of x?
2
Let m(f) be the first derivative of 2 + 3/2*f**2 + 3*f + 62/3*f**3. What are the prime factors of m(-1)?
2, 31
Let j(r) = 433*r + 9. What are the prime factors of j(2)?
5, 7
Suppose 7*m - 40 = 3*m. Suppose m*h - 4 = 1136. List the prime factors of h.
2, 3, 19
Let y = -87 - 8. Let n be (y + 12)*(0 - 1). Suppose -109 = -5*u - 3*i, 4*u - n = 2*i - 3*i. What are the prime factors of u?
2, 5
Let d be (-1406)/(-14) + 20/35. Suppose 103*s - 248 = d*s. What are the prime factors of s?
2, 31
Suppose -34 = 6*x + 2. Let j(h) = -2*h - 3*h + 2*h + 5 + 6*h**2 + h**3. List the prime factors of j(x).
23
Let n = -59 - -53. What are the prime factors of 4/(n/(-36) + (-21)/(-90))?
2, 5
Let f(r) = 20*r**2 - 6*r + 8. Let o(a) = a**2 + 8*a - 13. Let m be o(-9). Let n = 6 + m. What are the prime factors of f(n)?
2, 19
Let a(y) = -13*y**3 - y + 1. Let f be a(1). Let r(b) = -3*b - 17*b**2 - 12*b**2 + b**3 + 42*b**2 - 8. What are the prime factors of r(f)?
31
Let o(a) be the first derivative of -a**3/3 + 5*a**2 - 2*a - 6. Let g be o(6). Let x = g - 17. What are the prime factors of x?
5
Suppose 194*d = 185*d - 432. Let j(g) = -2*g**2 + 1. Let a be j(4). Let k = a - d. What are the prime factors of k?
17
List the prime factors of (-12)/(-3)*13617/9.
2, 17, 89
Let j = 2703 + -1067. What are the prime factors of j?
2, 409
Let b be 0 - -1*(0 - -10). Suppose 0*t - 2*t + b = 0. Suppose 3*n - 111 = -5*v, 3*n + 2*n + t*v = 195. What are the prime factors of n?
2, 3, 7
Let u = -69 - -424. List the prime factors of u.
5, 71
Suppose 5*y = -n + 2 + 9, -4*y + 20 = -2*n. Suppose -5*l - 4*k + 734 = 0, y*l = -2*k + 417 + 25. List the prime factors of l.
2, 3, 5
Let t = 1508 + -1076. List the prime factors of t.
2, 3
Let w = 19 + -15. Suppose w*q - 172 = 4*l, -3*q + 6*l - 2*l = -133. Suppose 4*k + q = 5*k. What are the prime factors of k?
3, 13
Suppose -2*m + 32 = -6*m. Let s be (-3)/(-2)*m/(-6). Suppose s + 30 = 2*l. List the prime factors of l.
2
Let d = -26 - -6. Let a = d - -23. List the prime factors of a/(-2)*(-128)/6.
2
Suppose 3*x - 23 = 109. Let k = x + -4. What are the prime factors of k?
2, 5
Let r be (-18)/30 + 1076/10. Let y = r + -152. List the prime factors of (-3)/(-6) - y/2.
23
Let h(q) = -4*q - 12. Suppose 5*z = -0*z - 4*j + 2, -3*z - 4*j - 2 = 0. Suppose -5*w = -4*x - 19, -z*x - 4 = -w + 7. What are the prime factors of h(x)?
2, 3
Let u be (0 + 1 + 2)*-148. Let b be u/22 + (-4)/(-22). What are the prime factors of 52/10*(-50)/b?
13
List the prime factors of 3 + 4 + -7 + 1220.
2, 5, 61
Let a = 19 + -14. Suppose -4*x - a*w = -2*w - 7, -5*x - w + 17 = 0. Suppose -x + 36 = 2*k. List the prime factors of k.
2
Let m be 1*4/(-16)*-4. Suppose 